-f - 2*r + 76 = 0, 2*f - 6*r = -305 + 407. Calculate the remainder when z(0) is divided by f.
62
Let v(p) = -3*p**2 + 52*p - 15. Let s be v(17). Suppose 20 = -a + 5*a, -3*a = -s*t - 3. Calculate the remainder when 10/50 - (-108)/10 is divided by t.
5
Let b = 61 - 58. Suppose 0 = h + u - 49, b*h = 5*h - 3*u - 73. Let o = h + -29. Calculate the remainder when o is divided by 7.
1
Let p = 185 - 204. Let x = 51 + p. Calculate the remainder when 159 is divided by x.
31
What is the remainder when 2603 is divided by (33*6)/((-1923)/(-2564))?
227
Suppose -3*n = 6, 3*h - 4*n + 112 + 699 = 0. Let a = 278 + h. Suppose -40 = -3*i + 32. Calculate the remainder when i is divided by a.
4
Let x(o) = -32*o + 1483. What is the remainder when x(-59) is divided by 25?
21
Suppose 157 = 14*g + 24*g - 1591. Calculate the remainder when 1092 is divided by g.
34
Suppose 0*g + 120 = 5*g + 5*f, -12 = -4*f. Let r = g + -16. Let h(q) = -q**2 + 11*q - 11. Calculate the remainder when 73 is divided by h(r).
16
Suppose -7 = 2*f - 3*f + 5*h, 35 = -4*f - h. Calculate the remainder when (-3 - -124)/1 - -3 is divided by -12*(22/f + 1).
19
Let i = -574 - -572. Calculate the remainder when ((-3)/i)/(123/328) + 13 is divided by 8.
1
Let j = -4170 - -6427. Calculate the remainder when j is divided by 9.
7
Suppose -3*n = -4*m + 568, -14*m = -16*m - 2*n + 256. Let i = -34 - -57. Calculate the remainder when m is divided by i.
21
Suppose 31416 = -88*w + 132*w. What is the remainder when w is divided by 48?
42
Let l(f) = 2*f**3 + 12*f**2 + 10*f + 6. Let s be l(-6). Let k = 283 + s. Calculate the remainder when 63 is divided by k/7 + (-2)/(-7).
30
Suppose -9000 - 11163 = -143*m. What is the remainder when m is divided by 133?
8
Let w(z) = -16*z + 142. Suppose -1338 = -4*c + 4*s - 2*s, -4*s - 1006 = -3*c. Calculate the remainder when c is divided by w(8).
12
Let d(j) = -j**2 - 269*j - 6500. What is the remainder when 187 is divided by d(-27)?
17
Let x(f) = 43*f**2 - 16*f - 345. What is the remainder when x(-4) is divided by 86?
63
Suppose 2*w = -0*w + 74. Suppose j + 84 = 22*j. Suppose -2*x + 300 = -2*k, j*k - 306 = -2*x + 8*k. Calculate the remainder when x is divided by w.
36
Suppose 134 = 3*l - 5*o, l + 3*l - 5*o = 177. Let j = -29 + l. Let p(t) = -2*t**3 - 58*t**2 + 2*t + 6. What is the remainder when j is divided by p(0)?
2
Suppose 5*b = 3*s - 0*s + 726, s = -b + 142. Suppose -2*j - j + b = 0. Calculate the remainder when (-188)/(-36)*18*(1 + 1) is divided by j.
44
Suppose 3104 = 10*h + 724. What is the remainder when h is divided by (2 + 0 + 30)/((-12)/(-18))?
46
Let g(h) = 143*h**2 - 368*h - 101. Suppose -4*i = -23 - 13. Calculate the remainder when g(3) is divided by i.
1
Let q = -7185 + 7344. What is the remainder when q is divided by 46*(2/(-4) - -1)?
21
Let w(c) = -c + 22. Let q be w(18). Suppose q*i + 800 = 12*i. What is the remainder when i is divided by (-8)/(-12)*117*(-2)/(-3)?
48
Let s be -3 - -6*3/(-9). Calculate the remainder when 38 is divided by (s/2)/((-16)/160).
13
Let h = -182 + 163. Calculate the remainder when 66 is divided by (36/(-19) - -2) + (-321)/h.
15
Let m(c) = -2*c + 8 + 16 + c. Let v(x) = -3*x**3 + 2*x**2 + 3*x - 7. Let n be v(2). What is the remainder when 162 is divided by m(n)?
39
Suppose 30 = -227*g + 231*g + 3*p, -4*p - 24 = 0. Calculate the remainder when 3909 is divided by g.
9
Suppose -13*i + 31 + 476 = 0. Let u(n) = n**2 - 5*n + 3. Let x be u(5). Suppose x*t = 21 + 21. What is the remainder when i is divided by t?
11
Let z = -13550 - -13571. Calculate the remainder when 1826 is divided by z.
20
Let q = -1495 - -2343. Suppose -q = -35*d + 19*d. What is the remainder when d is divided by 26?
1
Suppose -3*c - 2*z - 58 = -4*c, 5*c - 290 = -z. Suppose -c = -25*p + 23*p. What is the remainder when 144 is divided by p?
28
Let g(o) = -13*o + 281. Calculate the remainder when g(18) is divided by 26.
21
Let k(p) = 13*p**2 - 40*p - 74. Calculate the remainder when 434 is divided by k(-2).
28
Suppose -28*x - 10 = -730 - 204. Calculate the remainder when 116 is divided by x.
17
Let o be (-18)/(-4)*((-88)/3)/(-11). Let y = 31 - -2. What is the remainder when y is divided by (-2)/o - (-292)/24?
9
Let l(u) = u**3 + 14*u**2 + 21*u + 10*u + 22 - 8*u. Calculate the remainder when 126 is divided by l(-12).
24
Suppose -301*w + 308*w = 182. Calculate the remainder when 572 is divided by w.
0
Suppose 1535 = -3*s + 1553. What is the remainder when 1263 is divided by s?
3
Suppose 2*y = -4*m - 32 + 670, -4*y + 3*m + 1276 = 0. Calculate the remainder when y is divided by 113.
93
Let v = -232 + 235. Suppose v*a + t = 449, 23 - 317 = -2*a + 2*t. What is the remainder when a is divided by 17?
13
Suppose 0 = -32*y - 10*y + 14490. Calculate the remainder when y is divided by 22.
15
Let n = -225 + 221. Calculate the remainder when 128 is divided by (-212)/(-7) - ((-60)/(-14) + n).
8
Let r(a) = -13*a - 197. Let i be r(-19). Suppose i*m - 55*m = -30. Suppose 4*o = -j + 30, -3 = -4*o + o. What is the remainder when j is divided by m?
2
Let d(q) = q**3 + 4*q**2 - 36*q - 19. Let g(l) = -l**3 + 6*l**2 + 4*l + 13. Let b be g(7). What is the remainder when 142 is divided by d(b)?
12
Let z = -3471 + 4511. What is the remainder when 5202 is divided by z?
2
Let a(r) = r**3 + 22*r**2 + 35*r - 4. What is the remainder when a(-20) is divided by -2*28/(-8) - -26?
30
Suppose -239*a + 178*a + 28060 = 0. Calculate the remainder when a is divided by 221.
18
Let f = 3264 - 3137. What is the remainder when 142 is divided by f?
15
Let u = 461 - -25. Suppose -372 - u = -39*o. Calculate the remainder when o is divided by 4.
2
Suppose 4*p + 12 = 0, 5*s + 7*p - 167 - 97 = 0. Calculate the remainder when 782 is divided by s.
41
Suppose 30 = 3*k - 2*g, -2*k + 3*g + 3 = -22. Let t = k + 29. Calculate the remainder when t is divided by 7.
2
Suppose 5*s + 148 = 8*j - 9*j, 5*j = -3*s - 80. Let f = -4 - s. Calculate the remainder when 39 is divided by f.
13
Let n(o) = 2*o**2 - 43*o + 43. What is the remainder when (0 + -1)*(0 + -36) is divided by n(21)?
14
Suppose 4*n + 4 = 0, 0*f - 4*f - 5*n + 607 = 0. Suppose 19*r = 10*r + f. Calculate the remainder when r is divided by (3 + 0)/3*7.
3
Suppose -10*y - 26841 = -22*y - 11*y. What is the remainder when y is divided by 73?
72
What is the remainder when (-7)/56*-2 - 5787/(-4) is divided by 22?
17
Let l be ((-28)/12)/(-1)*(-18)/6. Calculate the remainder when 250 is divided by 9/(l/21*(-9)/14).
40
Let m = -67 - -44. Let h = -17 - m. Suppose 2*k - 4*t = 4, h*k - 27 = 3*k - t. Calculate the remainder when 31 is divided by k.
7
Let i(b) = 2*b - 4. Let r be i(0). Calculate the remainder when 6/3 - (-42 + -3) is divided by (34/r)/(7/(-14)).
13
Let i = -480 - -546. What is the remainder when ((i/(-4))/3)/((-4)/184) is divided by 64?
61
Let q be (-4)/(-16)*(0 - 4). What is the remainder when 514/6 - (-7)/((-105)/10) is divided by 8/4*38/4 + q?
13
Let n(k) = 4*k**2 + 129*k - 152. Let f(z) = 15*z - 1. Let x(j) = -j**2 - 6*j + 2. Let v be x(-6). What is the remainder when n(-34) is divided by f(v)?
28
Let z = 2524 - 2047. What is the remainder when z is divided by 125?
102
Let a(x) = 159*x - 18393. Calculate the remainder when a(116) is divided by (3 - 1)/(2/13).
12
Let r = -48 - -61. Suppose -11*a - 20 = -r*a. Suppose a - 52 = -3*k. Calculate the remainder when k is divided by 5.
4
Suppose -s + 32 = -a, -5*a = -5 - 0. Let d = 12 - s. Let h(y) = y**2 + 20*y - 15. What is the remainder when h(d) is divided by 4?
2
Suppose -1 = -n + 2*c, -7*c + 33 = 3*n - 3*c. Let t be (1 + n/(-2))/(44/(-88)). What is the remainder when 94 is divided by ((9 - t) + -9)/(-1)?
4
Let y = 66 + -63. Suppose -2*x + 2*o = -122, 5*x + 2*o = y*o + 305. Suppose 6*r - 89 = x. What is the remainder when r is divided by 7?
4
Let n = -3950 + 10557. Calculate the remainder when n is divided by 19.
14
Let z = 50 - 13. Suppose -5*n + 199 = p + 149, 5*p = -n + 226. Calculate the remainder when p is divided by z.
8
Let s(h) = 12*h**2 - 1. Let c = -78 + 78. Calculate the remainder when 1 + c + (-11 - -30) is divided by s(-1).
9
Let a be 704/(-77) - 1/(-7). Suppose -21*u + 902 = u. What is the remainder when (406/(-3))/(6/a) is divided by u?
39
Let t(q) = -30*q + 47. Let k(a) = a**3 + 14*a**2 - 19*a - 70. Let m